e the first derivative of -j**2/2 + 1. Calculate f(h).
1
Let h(o) = o**3 + 17*o**2 - 29*o**2 + 18*o**2 - 8. Determine h(-6).
-8
Let u(z) = 3*z + 1. Let l be u(-1). Let w be (1/1 - 1)/l. Let v(k) = -4 + 1 + 5 + w + k. Determine v(-4).
-2
Let c(a) = -a**2 + a + 3. Suppose 3*j + 6 = 15. Determine c(j).
-3
Suppose 3*i + 2*i = -2*n + 7, 10 = n - 4*i. Let k(o) = 0 - 4 + 2*o + 3 + 0*o. What is k(n)?
11
Let c(o) = -o**3 + 4*o**2. Let r(k) be the first derivative of -k**4/4 - 7*k**3/3 + 2*k + 3. Let m be r(-7). Determine c(m).
8
Let s(t) = 2*t**3 + 3*t**2 - 1. Suppose -4*r - 16 = 3*x, -20 = 2*r + 3*r. Suppose x = 11*g - 6*g + 10. Determine s(g).
-5
Let a(h) = -3*h**3 + 7*h**2 - 2*h + 2. Let k be a(2). Let x(g) = g**2 - 3*g + 1. Calculate x(k).
-1
Let u(i) = -2*i + 4*i**2 + 1 - 2 - 8*i**2 + 9*i**2. What is u(-1)?
6
Let a(h) = -h**3 + 2*h**2 - 4*h - 1. Let g(f) be the second derivative of -f**5/20 + f**4/12 - 2*f**3/3 - f**2 - f. Let l(j) = -4*a(j) + 3*g(j). Determine l(4).
-2
Let u(d) = d - 3. Suppose 0 = 2*z + 3*n - 5, -n - 5 = 3*z + 5. Calculate u(z).
-8
Let n(l) = 5*l - 63. Let y be n(12). Let m(c) = c**3 + 3*c**2 + 2. Calculate m(y).
2
Let n(b) = -b**3 - b**2 - 2*b - 1. Let y(z) = -3*z**2 + 3*z - 2. Let i be y(1). Give n(i).
7
Let x(n) = -5*n + 3. Let z(v) = -15*v + 10. Let k(r) = 7*x(r) - 2*z(r). What is k(1)?
-4
Suppose -10*p = -11*p + 6. Let l = 7 - p. Let j(v) = -5*v**3 + 2*v**2 - 1. Calculate j(l).
-4
Suppose -w + 6*w = 0. Suppose 3*c + w*c - 12 = 0. Suppose 3*t + 3*y = -12, -c*y + 10 - 1 = -t. Let m(h) = h**2 + 4*h. Determine m(t).
5
Let l(y) = -y**2 + 6*y - 5. Suppose 0*p - 3 = -p. Let x = 9 - p. Calculate l(x).
-5
Let r(v) = -2*v - 31. Let w be r(-18). Let l(h) = -h**3 + 7*h**2 - 8*h + 4. Give l(w).
14
Suppose 4*m + 5*w - 18 = 0, -2*m = -0*m - 5*w + 6. Suppose 0 = 4*k - 2*k. Let p(f) = f**2 - 1 - m*f + 2 + k. Give p(4).
9
Suppose 6*a = 3*a - 6. Let n(t) = -4*t - 3. What is n(a)?
5
Let w = -8 + 3. Let d = -5 - w. Let f(p) = 1 + 6*p + d*p + p**2 + 2. Determine f(-3).
-6
Let a(p) = 2*p**2 - 21*p + 8. Let w(f) = 3*f**2 - 31*f + 12. Let z(m) = 7*a(m) - 5*w(m). Calculate z(8).
-4
Suppose -4*x - 2*g - 42 = 0, 2*g - g - 6 = x. Let w be (16/(-6))/(6/x). Let k(d) = -2*d**2 + 7*d - 4. Determine k(w).
-8
Let c(d) = -2*d + 6. Let b = 5 + -1. Suppose 0 = -3*a + 2*a + b. Calculate c(a).
-2
Let h be (-3)/(1/((-4)/3)). Suppose -l - 3*k - 6 = -19, -2*l + 16 = -h*k. Suppose 0 = m + m - l. Let z(v) = -v**2 + 4*v - 2. What is z(m)?
-7
Let s(f) = 2*f. Let x(m) = -m**2 - m - 2. Let i be x(-3). Let q = -13 - i. Let l = q - -6. Calculate s(l).
2
Let k = -134 - -128. Let i(j) = j**2 + 3*j + 2. Calculate i(k).
20
Let q(n) = n - 14. Suppose 0 = -72*w + 76*w - 32. Give q(w).
-6
Let m(u) = -35 + 9 + u**3 - 8*u + 4*u**2 + 22. Give m(-5).
11
Suppose 15 = 3*n + 3*u, -5*u + 1 + 21 = 2*n. Let f be 1 - (1 - 2)*n. Suppose 0 = -2*l - f*l. Let y(j) = -j + 7. Determine y(l).
7
Let a = 12 - 14. Let b(q) = q**3 + 2*q**2 - 4*q - 3. What is b(a)?
5
Let o(d) be the first derivative of -d**4/4 + d**3/3 - 3*d**2/2 + 3*d - 12. Determine o(2).
-7
Suppose n = 3*n - 8. Suppose 5*h = -j + 18, -n*h = 7 - 19. Suppose -2 = 4*x - 2*y, j*x + 1 = -5*y - 33. Let q(p) = 3*p + 1. Determine q(x).
-8
Let u(n) = -8*n - 3. Let i(l) = l**2 + l + 1. Let w(r) = 2*i(r) + u(r). What is w(5)?
19
Let x(y) = 2. Let c(a) = -2*a + 3. Let t(d) = 2*c(d) - 5*x(d). Determine t(-2).
4
Let s be ((-14)/(-4))/7*4. Let u(g) = 0 - 2 + s*g - 1 - 3*g. What is u(-6)?
3
Let d(b) = b**3 - 7*b**2 + 8*b - 9. Let k be d(6). Let g(y) = 2*y + 2*y - k + 3 - 3. Suppose 8 = 4*n - 0. Calculate g(n).
5
Let m(n) = -5*n**3 - n**2 - 7*n - 14. Let l(p) = 14*p**3 + 3*p**2 + 20*p + 41. Let y(u) = -6*l(u) - 17*m(u). Give y(0).
-8
Let i = -9 + 7. Let m be 1 + (0 - (-3 + i)). Let d(b) = -m*b + 2*b + 2*b - 7. What is d(-5)?
3
Let g(a) be the third derivative of 1/120*a**6 + 0 - 1/12*a**4 + 4*a**2 + 1/10*a**5 + 0*a - 7/6*a**3. Determine g(-6).
5
Let c(q) = -q**3 + 4*q**2 + 2*q - 3. Let b be c(4). Suppose b*p - 2*u = -5 - 3, -u = -4. Let g(x) = x**3 - x**2 - x + 2. Give g(p).
2
Let o(m) = 12*m. Let l(a) = a**3 - 2*a**2 + 2*a - 3. Let k be l(2). Determine o(k).
12
Let r = 10 + -5. Let i(g) = g**3 - 4*g**2 - 4*g. Let b be i(r). Suppose -5*q + x + 4*x = -5, -3*q + b*x = -7. Let y(u) = 5*u - 1. Give y(q).
-6
Let h(f) = -f**2 - 9*f - 7. Let n = 4 + -12. What is h(n)?
1
Let f(y) be the third derivative of -y**4/24 - y**3/3 - 5*y**2. Give f(6).
-8
Let y(u) = 6*u + 4. Let w(g) = 11*g + 8. Let l(i) = 4*w(i) - 7*y(i). Give l(-3).
-2
Let l(t) be the second derivative of 0 - t + 0*t**2 + 1/6*t**3. Give l(-3).
-3
Suppose 0 = -h + 2 + 1. Let w(l) = h*l + 0 + 4 - 5. What is w(5)?
14
Suppose 4 = 4*j - 4. Let w(h) = -h**2 - h + 2. Calculate w(j).
-4
Let a be 34/8 - 1/4. Let x be ((-2)/6)/(a/(-36)). Let t(f) = -2*f**2 + 2*f + 6 + x*f**2 + 3*f. Calculate t(-5).
6
Let m = 0 + -3. Let d(x) = x**3 + 3*x**2 + x + 4. Determine d(m).
1
Let f be 585/26 + (1 - 6/4). Suppose t = -4*t + 20. Suppose -t*p = 2*o - f, 0*o - 19 = -o - 4*p. Let m(a) = -2*a**2 + 2*a + 4. Determine m(o).
-8
Let y = -1 + -2. Let f be (-9)/(-6)*8/6. Let s(l) = -l. Let j(x) = 6*x + 3. Let m(q) = f*s(q) + j(q). Give m(y).
-9
Let q = 5 + -9. Let f(b) = 4*b - 6*b + 0*b + b. What is f(q)?
4
Let g(j) = -7*j**3 + 11*j - 15. Let c(w) = -8*w**3 - w**2 + 12*w - 16. Let l(q) = 6*c(q) - 7*g(q). What is l(6)?
-21
Let l(z) be the first derivative of z**3/3 - 3*z**2 + 7*z + 1. Determine l(5).
2
Let j(x) = 3*x**2 + 17*x - 17. Let u(z) = 4*z**2 + 25*z - 25. Let y(t) = -7*j(t) + 5*u(t). Let i = 3 + -12. Let p be (16/(-6) + 2)*i. What is y(p)?
-6
Let m = -7 + 5. Let w(z) = -2*z - 3. Let u(k) = -k**2 + 7*k + 12. Let d(g) = 2*u(g) + 9*w(g). Determine d(m).
-3
Let r(s) = -s**2 - 9*s - 5. Let g be r(-8). Let v(o) = 5*o + 2. Give v(g).
17
Let u(o) = -2*o**2 - 9*o - 5. Let x(h) = -h**2 - 4*h - 2. Let r(v) = 6*u(v) - 14*x(v). What is r(-3)?
10
Suppose 6 = -r + 11. Let w(f) be the second derivative of -2*f**2 + 2*f - 1/12*f**4 - 1/2*f**3 + 1/20*f**r + 0. Determine w(3).
5
Let h = 4 + -2. Let x(w) = -2*w**2 + 0 + w**2 + w + h. Suppose -17*y + 15 = -12*y. Calculate x(y).
-4
Let w = -8 - -10. Let c(u) = u**3 - u**2 - 4*u + 3. Determine c(w).
-1
Let i(q) = 2*q**3 + 4*q**2 + q - 2. Let w(f) = f - 7. Let d be w(5). Give i(d).
-4
Let c(l) = 7*l + 11. Let s(j) = -3*j - 5. Let x(z) = 2*c(z) + 5*s(z). Determine x(-4).
1
Let p = -1 + 4. Let v = -6 + p. Let y(x) = x**2 + 5*x. Let g(z) = 2*z**2 + 11*z - 1. Let d(n) = -2*g(n) + 5*y(n). What is d(v)?
2
Let v(y) = -y**3 + 6*y**2 - 7*y + 4. Suppose 13 = r - 4*z, 0*r + 5*z + 35 = 5*r. Give v(r).
-6
Let o(v) = v**2 - 2*v - 2. Let x be o(0). Let q(t) = -2*t - 1. Give q(x).
3
Let m(i) = -i**2 - 3*i - 8. Let d(h) = -h**2 - 3*h - 9. Let u(l) = -3*d(l) + 4*m(l). What is u(-5)?
-15
Let t(g) = -g**2 - 5*g - 6. Let s(c) = c - 4. Let y be s(4). Suppose 3*b - 2*b - r + 3 = y, -3*r - 21 = 3*b. Determine t(b).
-6
Let b(g) = g**2 + 3*g - 1. Let i be b(-3). Let v(j) = -6*j**2 - 14*j + 17. Let s(p) = 2*p**2 + 5*p - 6. Let q(f) = -17*s(f) - 6*v(f). Determine q(i).
3
Let s = 4 + -3. Let x(i) = -i**3 - i**2 + i + 1. Let d(j) = 4*j**2 - j**2 + 0*j**3 - 3*j - 2 + 5*j**3. Let y(b) = d(b) + 2*x(b). What is y(s)?
3
Let p(g) = 8*g**2 - 7*g - 1. Let q(o) = 8*o**2 - 6*o - 1. Let y(v) = -4*p(v) + 5*q(v). Let s = 54 - 55. Determine y(s).
9
Suppose 0 = c - 4, 3*d - 11 = -2*c. Suppose -s = d + 2. Let x(p) = -p**3 - 6*p**2 - 4*p + 1. What is x(s)?
-14
Suppose -y = 5, -6*n - 3*y = -n + 30. Let v be (n/(-2))/(3/6). Let g(o) = 0*o**3 + 0*o**2 - 5*o**2 - o**v + o. Determine g(-5).
-5
Let m(z) = z**3 + 4*z**2 + 4*z + 2. Let g be m(-2). Let x be -1 - ((-6)/1 - g). Suppose 3*b - 2*d + x = -3*d, -2*b + 3*d = 23. Let h(p) = -p. Determine h(b).
4
Let l(q) = -4 - q - 1 - q. Suppose -23*v - 103 - 35 = 0. Give l(v).
7
Let h(z) be the first derivative of -z**4/4 - z**3 - z**2/2 - 2*z + 4. Calculate h(-2).
-4
Let g(w) = -2*w - 11. Let v(b) = 9*b + 37. Let n be v(-5). Determine g(n).
5
Let u(m) = 4*m - 5*m - 3*m - 3 + m**2 - 2*m. What is u(5)?
-8
Suppose 4*v - 6 + 17 = -5*g, 4*g - 4 = 0. Suppose -3 - 1 = -b, -12 = s - 4*b. Let h(r) = 4*r + 1 - s*r + r. What is h(v)?
-3
Let x = 7 + -5. Let m(t) be the second derivative of 2*t - 1/6*t**3 + 1/2*